39378732?
9
What is the ten millions digit of 90274421?
9
What is the hundreds digit of 1950532505?
5
What is the units digit of 77126647?
7
What is the thousands digit of 113577466?
7
What is the ten millions digit of 40525991?
4
What is the millions digit of 47114180?
7
What is the thousands digit of 382745152?
5
What is the units digit of 148159081?
1
What is the ten millions digit of 44644640?
4
What is the tens digit of 609316094?
9
What is the thousands digit of 30242931?
2
What is the hundreds digit of 302926165?
1
What is the hundred millions digit of 6602811353?
6
What is the ten thousands digit of 11395992?
9
What is the ten thousands digit of 1437091794?
9
What is the millions digit of 42899467?
2
What is the units digit of 143608948?
8
What is the units digit of 1535115876?
6
What is the thousands digit of 291022975?
2
What is the hundred millions digit of 3585653656?
5
What is the ten thousands digit of 73334065?
3
What is the thousands digit of 65286303?
6
What is the units digit of 74400475?
5
What is the ten millions digit of 174798074?
7
What is the hundred thousands digit of 438758466?
7
What is the thousands digit of 419440614?
0
What is the tens digit of 15708670?
7
What is the ten thousands digit of 121830798?
3
What is the millions digit of 1302074538?
2
What is the ten millions digit of 33942160?
3
What is the millions digit of 129096162?
9
What is the hundred millions digit of 8598343544?
5
What is the ten thousands digit of 567312396?
1
What is the millions digit of 54950994?
4
What is the hundred thousands digit of 214027888?
0
What is the ten thousands digit of 44159373?
5
What is the ten thousands digit of 46770555?
7
What is the ten thousands digit of 799321353?
2
What is the units digit of 348355580?
0
What is the hundreds digit of 305128?
1
What is the hundred thousands digit of 2666474259?
4
What is the thousands digit of 163027077?
7
What is the units digit of 270146377?
7
What is the tens digit of 44806879?
7
What is the tens digit of 14958321?
2
What is the hundred thousands digit of 726504633?
5
What is the ten thousands digit of 3680784?
8
What is the millions digit of 1407650465?
7
What is the units digit of 83405947?
7
What is the ten millions digit of 32810761?
3
What is the thousands digit of 2075726140?
6
What is the thousands digit of 10790288?
0
What is the ten millions digit of 472865704?
7
What is the hundreds digit of 149102772?
7
What is the units digit of 484537055?
5
What is the ten millions digit of 777621674?
7
What is the ten thousands digit of 43965120?
6
What is the hundred thousands digit of 151845218?
8
What is the thousands digit of 3542259430?
9
What is the units digit of 1725936444?
4
What is the hundreds digit of 3589491?
4
What is the tens digit of 357160904?
0
What is the tens digit of 133137184?
8
What is the units digit of 1628576351?
1
What is the millions digit of 182654002?
2
What is the hundred millions digit of 5354170973?
3
What is the thousands digit of 29619687?
9
What is the tens digit of 551086?
8
What is the hundred thousands digit of 330155881?
1
What is the hundreds digit of 86150049?
0
What is the ten thousands digit of 41142724?
4
What is the billions digit of 1237874769?
1
What is the hundred millions digit of 7516059004?
5
What is the tens digit of 490715023?
2
What is the thousands digit of 875343706?
3
What is the tens digit of 117553563?
6
What is the units digit of 371158498?
8
What is the ten millions digit of 246408598?
4
What is the ten thousands digit of 28063341?
6
What is the tens digit of 1429773717?
1
What is the ten millions digit of 192503612?
9
What is the millions digit of 57688569?
7
What is the ten millions digit of 61658667?
6
What is the hundred thousands digit of 194083144?
0
What is the thousands digit of 42546264?
6
What is the ten millions digit of 100765683?
0
What is the hundred thousands digit of 4281881573?
8
What is the hundreds digit of 148714519?
5
What is the units digit of 350467564?
4
What is the hundred millions digit of 1611430724?
6
What is the units digit of 18816787?
7
What is the thousands digit of 39111989?
1
What is the hundred thousands digit of 83359033?
3
What is the tens digit of 762627456?
5
What is the units digit of 94770876?
6
What is the units digit of 133896162?
2
What is the billions digit of 2552802194?
2
What is the millions digit of 10080935?
0
What is the thousands digit of 352461871?
1
What is the hundreds digit of 361370471?
4
What is the hundred thousands digit of 67637343?
6
What is the hundred thousands digit of 530052069?
0
What is the thousands digit of 1004929314?
9
What is the tens digit of 41994261?
6
What is the hundred millions digit of 3550097325?
5
What is the millions digit of 402175919?
2
What is the tens digit of 818300552?
5
What is the hundred thousands digit of 40440550?
4
What is the hundred millions digit of 503500543?
5
What is the tens digit of 51682102?
0
What is the hundreds digit of 448047301?
3
What is the units digit of 27019225?
5
What is the millions digit of 2738905049?
8
What is the hundreds digit of 1537606766?
7
What is the hundred millions digit of 191230455?
1
What is the ten thousands digit of 153930395?
3
What is the tens digit of 740563398?
9
What is the units digit of 10581520?
0
What is the millions digit of 3102554876?
2
What is the thousands digit of 72699625?
9
What is the hundred millions digit of 190592469?
1
What is the hundreds digit of 3003057334?
3
What is the hundred millions digit of 407955446?
4
What is the hundreds digit of 74264028?
0
What is the ten millions digit of 277367600?
7
What is the hundred millions digit of 498247469?
4
What is the hundreds digit of 170221046?
0
What is the units digit of 171012180?
0
What is the hundreds digit of 1154499229?
2
What is the billions digit of 3188154009?
3
What is the thousands digit of 20553164?
3
What is the hundreds digit of 41951832?
8
What is the thousands digit of 265015459?
5
What is the hundreds digit of 559838050?
0
What is the millions digit of 4845674799?
5
What is the millions digit of 2972427011?
2
What is the hundreds digit of 45273955?
9
What is the hundreds digit of 76058655?
6
What is the millions digit of 15936535?
5
What is the billions digit of 1534404991?
1
What is the billions digit of 1342639558?
1
What is the tens digit of 1247726545?
4
What is the hundred thousands digit of 59531861?
5
What is the units digit of 422994768?
8
What is the ten millions digit of 40859007?
4
What is the hundred millions digit of 766531928?
7
What is the hundred millions digit of 113314288?
1
What is the units digit of 169294408?
8
What is the hundred millions digit of 458057653?
4
What is the ten millions digit of 809374024?
0
What is the ten millions digit of 150540921?
5
What is the hundred thousands digit of 1083100379?
1
What is the millions digit of 432853874?
2
What is the hundreds digit of 1258256?
2
What is the millions digit of 81096823?
1
What is the tens digit of 14094698?
9
What is the hundred thousands digit of 2260942663?
9
What is the ten thousands digit of 22414548?
1
What is the ten thousands digit of 8191132?
9
What is the thousands digit of 27284444?
4
What is the hundreds digit of 394223118?
1
What is the hundreds digit of 1354231142?
1
What is the thousands digit of 49707036?
7
What is the ten millions digit of 135979859?
3
What is the hundred millions digit of 139905355?
1
What is the ten millions digit of 43734181?
4
What is the hundred millions digit of 832767273?
8
What is the thousands digit of 103196812?
6
What is the hundred millions digit of 140141654?
1
What is the tens digit of 32113806?
0
What is the thousands digit of 1091838136?
8
What is the ten thousands digit of 64521062?
2
What is the thousands digit of 259011126?
1
What is the tens digit of 2201973?
7
What is the hundreds digit of 991667674?
6
What is the millions digit of 131832661?
1
What is the hundreds digit of 379668406?
4
What is the billions digit of 2259396659?
2
What is the tens digit of 989091931?
3
What is the units digit of 1281039376?
6
What is the hundred millions digit of 6081513329?
0
What is the hundred thousands digit of 6193654?
1
What is the hundred thousands digit of 987464369?
4
What is the t